when 380 is divided by t?
8
Let c(u) = 46*u - 45. Suppose -6*x - 4*x + 210 = 0. What is the remainder when c(3) is divided by x?
9
Let i(h) = -h**2 - 2*h - 7. Let o be i(-5). Let w(l) = -l + 19. What is the remainder when w(o) is divided by 15?
11
Suppose -4*y - 17 = -0*j - 3*j, 0 = 3*j - 9. Let r(f) = -23*f - 43. Calculate the remainder when 18 is divided by r(y).
0
Let u be (-2)/22 + 33276/132. Let d = u + -223. What is the remainder when 137 is divided by d?
21
Let z = 2585 - 2574. Calculate the remainder when 359 is divided by z.
7
Let r be ((-2)/5)/(17/(-4760)). Suppose -2*x = 5*i - 68 - 177, r = 2*i - 2*x. Calculate the remainder when i is divided by 27.
24
Let p = -10 - -15. Suppose 6*t = 8*t - 4. Suppose 4*w + 4*z - 114 = -2, 2*w - 36 = t*z. What is the remainder when w is divided by p?
3
Let h(m) = -4*m**3 + 12*m**2 - m + 25. Calculate the remainder when 370 is divided by h(3).
18
Let s(i) = i**3 + 12*i**2 - 31*i - 22. Calculate the remainder when s(-13) is divided by 20.
12
Let w = 198 + -201. Calculate the remainder when 27 is divided by -1 + 5 + (12/w - -7).
6
Let w(z) = -z**2 + 7*z + 3. Let j be w(5). Let x = 91 - j. Let a = 374 - 354. What is the remainder when x is divided by a?
18
Let p = -12715 - -12726. What is the remainder when 812 is divided by p?
9
Suppose -15*y + 16*y + m - 12725 = 0, -6*y - m = -76385. Calculate the remainder when y is divided by 107.
106
Suppose 3*y = -y. Suppose 0 = r - 18 - y. What is the remainder when 29 is divided by r?
11
Suppose -2854*s = -2820*s - 2346. Calculate the remainder when s is divided by (4/3)/(2/21).
13
Let s = -520 - -524. Suppose x - 18 = s*h, 3*h + 1 = 3*x - 17. What is the remainder when 17 is divided by x?
1
Let a be 12 - (5 + 0 + -2). Let h = -9 - a. Calculate the remainder when (0 - 112/h) + (-76)/342 is divided by 2.
0
Suppose -13*b = 55935 - 56910. Calculate the remainder when 234 is divided by b.
9
Calculate the remainder when (-43558)/(-29) + 44/(-4) is divided by 18.
15
Suppose 113*y + 1871 = 4395 + 2900. What is the remainder when 297 is divided by y?
9
Suppose 8*f = 208 - 72. Let c = 60 + 38. Let n = -91 + c. Calculate the remainder when f is divided by n.
3
Let o = -5105 - -5287. What is the remainder when 457 is divided by o?
93
Suppose 0 = -p + 4, -4*p + 25 + 3 = 4*h. Suppose s - 28 = -5*j - 3, 33 = h*s + j. Calculate the remainder when s is divided by 7.
3
Let i(k) = -29*k**3 - 1. Let x be i(1). Let u = x - -89. Calculate the remainder when u is divided by (-2)/4 + (0 - 38/(-4)).
5
Suppose -13*l + 1620 + 5738 = 0. Let i = -144 + l. Calculate the remainder when i is divided by 25.
22
Let x = -2537 + 3446. What is the remainder when x is divided by ((-3)/(-2))/(6/280)?
69
Let r(u) = -2*u**3 + u**2 + 12*u + 7. Let p = 190 - 69. Calculate the remainder when p is divided by r(-3).
19
Suppose -3*c = -2*i - 826, 0 = 4*c - c + 3*i - 816. Suppose -c*q + 98 = -267*q. What is the remainder when 316 is divided by q?
8
Suppose -5*h + 5727 = 4*i, 3*h + 4*i = 9*i + 3451. Calculate the remainder when h is divided by 41.
40
Suppose 861 - 91 = 7*k. Suppose 10*i - k = 5*i. Let c(v) = -v**3 + 8*v**2 + 14*v - 5. Calculate the remainder when c(9) is divided by i.
18
Calculate the remainder when 433 is divided by (-24)/32*(-11468)/61.
10
Let o(q) = q**3 + 15*q**2 - 18. Let t be o(-15). Calculate the remainder when 25 is divided by 1/(-3) + (-204)/t.
3
Suppose 4*s + s - 265 = 5*j, -5*s + 264 = -4*j. What is the remainder when (-3729)/(-18) - (-29)/(-174) is divided by s?
51
Suppose 0 = q + 5*j - 64 + 31, -3*q + 3*j + 81 = 0. What is the remainder when 84 is divided by q?
0
Let m(z) = 2*z**3 + 2*z**2 + 2*z + 1. Let x be m(0). What is the remainder when 124 is divided by ((5 - x) + 16)*(-2)/(-4)?
4
Let a(i) = 5*i**2 - 48*i + 168. What is the remainder when 287 is divided by a(4)?
7
Suppose 743*y - 232 = -740*y + 1475*y. What is the remainder when 53 is divided by y?
24
Calculate the remainder when (-4*3/(-4))/((-24)/(-3760)) + -7 is divided by 69.
49
Let w = 393 - 346. What is the remainder when 277 is divided by w?
42
Let m = -5 + 22. Let f = -135 - -202. Suppose -40 = 59*s - f*s. Calculate the remainder when m is divided by s.
2
Let z = -76 + 223. What is the remainder when z is divided by 8*(156/48 + -2)?
7
Calculate the remainder when 156 is divided by ((-852)/(-66))/((-8)/(-88)).
14
Let m(o) = -2*o**2 + 5*o + 6. Let w be (-12)/(-28) + (-1)/(28/(-72)). What is the remainder when 5 is divided by m(w)?
2
Let q = 514 + -554. What is the remainder when (-1)/4 + 339*q/(-96) is divided by 44?
9
Let i = 9140 + -9135. Let c = 43 + -31. Suppose 0 = -3*m + c, p = -p + 2*m + 4. What is the remainder when p is divided by i?
1
Suppose -f + 2*j + 7 = -14, 3*j + 12 = 0. Let u = f - -67. What is the remainder when u is divided by 28?
24
Let s(o) = -5*o + 2. Let g(z) = -32*z - 706. Let d be g(-43). What is the remainder when s(-3) is divided by ((-6)/(-10))/(67/d)?
5
Suppose -2*y - 2*y + 2*h + 54 = 0, -3*y + 3*h + 33 = 0. Suppose -10*l - 134 = -714. What is the remainder when (l/6)/(33/99) is divided by y?
13
Let p(z) = 2*z**2 + 0*z**2 + z**3 - 21 + 19*z + 11*z + 0 - 44*z. Calculate the remainder when 44 is divided by p(-4).
2
Suppose 856 = -19*f + 1863. Let t = -29 + 41. Calculate the remainder when f is divided by t.
5
Let j = -102 + 111. Let w = j - -38. Suppose 287 = 5*q + w. Calculate the remainder when q is divided by 18.
12
Suppose -8*s + 21525 - 20829 = 0. What is the remainder when s is divided by 2/4 - 35/(-2)?
15
Let u be -5 - 4/((-16)/20). Suppose u = -12*g - 180 + 48. Calculate the remainder when g/(22/(-52))*3 is divided by 16.
14
Let p = -941 - -954. Calculate the remainder when (-32)/(-5)*195/26 is divided by p.
9
Let z(q) = 44*q**2 + q - 1. Calculate the remainder when -1*(30392/290)/(18/(-45)) is divided by z(1).
42
Let s be 33292/224 - ((-9)/(-8))/(-3). Let w = s + -135. What is the remainder when 37 is divided by w?
9
Let i = -15498 + 15836. What is the remainder when i is divided by 14?
2
Let c = 1390 + -990. Suppose c*y - 406*y = -42. What is the remainder when 312 is divided by y?
4
What is the remainder when 689 is divided by ((-5)/(15/(-16)))/(-2 - 730/(-360))?
113
What is the remainder when 66 is divided by (-5850)/(-90) - 9*(-2)/(-3)?
7
Let s(f) = 2*f**2 + 238*f + 3172. What is the remainder when s(-106) is divided by 35?
31
Let q = 201 - 129. Calculate the remainder when (-89 + -4)/(q/(-96)) is divided by 6.
4
Suppose 18*p + 3 = 19*p. Suppose n + 2*i + 13 = 2*n, 11 = -p*n - 4*i. Suppose -5*h - n*u = -450, h - 83 = -u - u. What is the remainder when h is divided by 19?
17
Suppose 0 = -2*z + 4*g + 46, z + 4*g = -44 + 43. What is the remainder when 236 is divided by z?
11
Suppose 148 = 2*f + 4. Suppose 0 = 5*x - 4*q - 158, -61 = -x - 9363*q + 9368*q. Calculate the remainder when f is divided by x.
20
Let p = -23816 + 24079. What is the remainder when 2647 is divided by p?
17
Suppose g - 4*l + 1598 = 3*g, 829 = g - 4*l. Calculate the remainder when g is divided by 28.
25
Let w = 9144 + -9139. Calculate the remainder when (-290)/(-14) + (-6)/(-21) is divided by w.
1
Let o(v) = v**3 - 9*v**2 - 9*v + 5. Let g be o(10). Suppose 4*x = -14*z + 15*z + 60, -x - 5*z = -g. What is the remainder when 43 is divided by x?
13
Let q = 814683 - 814680. Suppose -4*l + 18 = -2*l. What is the remainder when l is divided by q?
0
Let m(b) = 21*b**2 - 1. Let q be 13/(-2)*(-576)/624. Calculate the remainder when 50*2*q/8 is divided by m(1).
15
Let i be (-5)/(-4) + (-312)/(-32). Let w = 45 + i. Calculate the remainder when w is divided by 19.
18
Let y = 10 + 16. What is the remainder when (0 + 2)/(5 + -7)*-37 is divided by y?
11
Let i = -2890 - -2921. Let n = 7 + -5. Suppose 60 = -s + n*s. What is the remainder when s is divided by i?
29
Let w(u) = u**3 + 50*u**2 - 112*u - 373. What is the remainder when 388 is divided by w(-52)?
1
Let o = 14905 + -14860. What is the remainder when 209 is divided by o?
29
Suppose -62 = -c - 57. Suppose 3*w + 61 = 2*s, 5*s + c*w - 101 = -11. Let y = 20 + -12. What is the remainder when s is divided by y?
7
Let p(s) = 987*s - 4911. What is the remainder when 215 is divided by p(5)?
23
Suppose -2*v + 5*v - 309 = 0. Calculate the remainder when v is divided by -42*(-12)